{"id":724,"date":"2014-12-19T22:34:08","date_gmt":"2014-12-19T21:34:08","guid":{"rendered":"http:\/\/os-dragatus.splet.arnes.si\/?page_id=724"},"modified":"2026-04-16T11:34:22","modified_gmt":"2026-04-16T09:34:22","slug":"solski-sklad","status":"publish","type":"page","link":"https:\/\/www.os-dragatus.si\/?page_id=724","title":{"rendered":"\u0160olski sklad"},"content":{"rendered":"<p><strong>\u010cLANI \u0160OLSKEGA SKLADA<\/strong><\/p>\n<p>\u2013 3 predstavniki star\u0161ev otrok iz \u0161ole: Tina Toman Vrtin, Ingrid Panjan, Anita Zajec Kambi\u010d<\/p>\n<p>\u2013 1 predstavnik star\u0161ev otrok iz vrtca: Klemen Beci\u0107<\/p>\n<p>\u2013 3 predstavniki \u0161ole: Maja Lamut, Silva Nagode, Barbara \u0160u\u0161tari\u010d<\/p>\n<p>\u0160olski sklad Osnovne \u0161ole&nbsp; komandanta Staneta Dragatu\u0161 je bil ustanovljen v skladu s 135. \u010dlenom Zakona o organizaciji in financiranju vzgoje in izobra\u017eevanja ter na podlagi sklepa Sveta \u0161ole. Namen sklada je financiranje dejavnosti in potreb \u0161ole, ki niso neposredno vsebinsko del izobra\u017eevalnega programa in ki jih ne financira ustanovitelj. Sklad zbira in skladno z na\u010drtom razporeja sredstva za sofinanciranje nakupa nadstandardne opreme \u0161ole ali druge projekte, ki pripomorejo k zvi\u0161anju standarda pouka ali bivanja u\u010dencev v \u0161oli. Pod dolo\u010denimi pogoji in v dolo\u010denem dele\u017eu pomaga socialno ogro\u017eenim pri pla\u010dilu udele\u017ebe na ekskurzijah, \u0161portnih dneh in \u0161oli v naravi \u2026<\/p>\n<p><strong>Kako lahko prispevate v \u0161olski sklad?<\/strong><br \/>\n\u0160olski sklad pridobiva sredstva za svoje delovanje iz prostovoljnih prispevkov star\u0161ev, donacij in drugih virov.<\/p>\n<p><strong>\u010ce se odlo\u010dite za donacijo, jo lahko naka\u017eete na:<\/strong><\/p>\n<p><img loading=\"lazy\" decoding=\"async\" class=\"wp-image-40795 alignright\" src=\"https:\/\/www.os-dragatus.si\/files\/2026\/01\/qr-koda-sklad-304x300.png\" alt=\"\" width=\"220\" height=\"217\" srcset=\"https:\/\/www.os-dragatus.si\/files\/2026\/01\/qr-koda-sklad-304x300.png 304w, https:\/\/www.os-dragatus.si\/files\/2026\/01\/qr-koda-sklad-56x55.png 56w, https:\/\/www.os-dragatus.si\/files\/2026\/01\/qr-koda-sklad-400x397.png 400w, https:\/\/www.os-dragatus.si\/files\/2026\/01\/qr-koda-sklad-100x100.png 100w, https:\/\/www.os-dragatus.si\/files\/2026\/01\/qr-koda-sklad.png 402w\" sizes=\"(max-width: 220px) 100vw, 220px\" \/><\/p>\n<p>&nbsp;<\/p>\n<p><strong>TRR:<\/strong> <strong>SI56 0121 7603 0647 939&nbsp;&nbsp;&nbsp;&nbsp;&nbsp;&nbsp;&nbsp;&nbsp;&nbsp;&nbsp;&nbsp;&nbsp;&nbsp;&nbsp;&nbsp;&nbsp; <\/strong><strong>Namen:<\/strong> Donacija za \u0161olski sklad<\/p>\n<p>ali skenirajte QR kodo<\/p>\n<p>&nbsp;<\/p>\n<p>&nbsp;<\/p>\n<p><strong>V \u0161olski sklad lahko donirate tudi z delom svoje dohodnine:<\/strong><\/p>\n<p>&#8211; izpolnite obrazec na portalu eDavki ali<\/p>\n<p>&#8211; v \u0161oli oddajte izpolnjen obrazec <a href=\"https:\/\/www.os-dragatus.si\/files\/2026\/01\/obrazec_dohodnina_donacija.pdf\">(obrazec)<\/a>.<\/p>\n<p>&nbsp;<\/p>\n<p><a href=\"https:\/\/www.os-dragatus.si\/files\/2026\/02\/vloga-denarna-pomoc.pdf\">VLOGA ZA DODELITEV SREDSTEV IZ \u0160OLSKEGA SKLADA<\/a><\/p>\n<p><a href=\"https:\/\/www.os-dragatus.si\/files\/2026\/01\/pravila_solskega_sklada_dragatus.pdf\">PRAVILA \u0160OLSKEGA SKLADA OSNOVNE \u0160OLE KOMANDANTA STANETA DRAGATU\u0160<\/a><\/p>\n<p><a href=\"https:\/\/www.os-dragatus.si\/files\/2026\/01\/OS-Dragatus-kriteriji-za-deodelitev-denarne-pomoci.pdf\">KRITERIJI ZA DODELITEV DENARNE POMO\u010cI IZ SREDSTEV \u0160OLSKEGA SKLADA O\u0160 DRAGATU\u0160<\/a><\/p>\n<p><a href=\"https:\/\/www.os-dragatus.si\/files\/2026\/01\/program-20252026.pdf\">OKVIRNI PROGRAM DELA \u0160OLSKEGA SKLADA O\u0160 Dragatu\u0161<\/a><\/p>\n<div class='et-learn-more clearfix'>\n\t\t\t\t\t<h3 class='heading-more'>ZAPISNIKI 2025\/2026<span class='et_learnmore_arrow'><span><\/span><\/span><\/h3>\n\t\t\t\t\t<div class='learn-more-content'><p><a href=\"https:\/\/www.os-dragatus.si\/files\/2026\/04\/Zapisnik-3.pdf\">Zapisnik 3. seje, 13. 4. 2026<\/a><\/p>\n<p><a href=\"https:\/\/www.os-dragatus.si\/files\/2026\/02\/Zapisnik-2.-seje-17.-12.-2025.pdf\">Zapisnik 2. seje, 17. 12. 2025<\/a><\/p>\n<p><a href=\"https:\/\/www.os-dragatus.si\/files\/2026\/01\/zapisnik1.pdf\">Zapisnik 1. seje, 13. 11. 2025<\/a><\/p><\/div>\n\t\t\t\t<\/div>\n<p>&nbsp;<\/p>\n<p><span style=\"color: #800000\"><div class='et-learn-more clearfix'>\n\t\t\t\t\t<h3 class='heading-more'>ARHIV \u0160OLSKEGA SKLADA<span class='et_learnmore_arrow'><span><\/span><\/span><\/h3>\n\t\t\t\t\t<div class='learn-more-content'><\/span><\/p>\n<p><a href=\"https:\/\/www.os-dragatus.si\/files\/2014\/02\/pravilnik o delu solskega sklada.pdf\" target=\"_blank\" rel=\"noopener\">Pravilnik o delu \u0161olskega sklada<\/a><\/p>\n<p><span style=\"color: #008000\"><strong>ZAPISNIKI 2015\/2016\n<\/strong><\/span><a href=\"http:\/\/os-dragatus.splet.arnes.si\/files\/2016\/09\/zapisnik-sklad-13-6-16.pdf\" target=\"_blank\" rel=\"noopener\">Zapisnik seje 19-10-2015\nZapisnik seje 13-6-2016<\/a><\/p>\n<p><span style=\"color: #008000\"><strong>ZAPISNIKI 2014\/2015\n<\/strong><a href=\"http:\/\/os-dragatus.splet.arnes.si\/files\/2015\/12\/zapisnik-sklad-18-11-14.pdf\" target=\"_blank\" rel=\"noopener\">Zapisnik seje 18-11-2014<\/a><\/span><\/p>\n<p><span style=\"color: #008000\"><strong>ZAPISNIKI 2013\/2014\n<\/strong><span style=\"color: #000000\"><a href=\"http:\/\/os-dragatus.splet.arnes.si\/files\/2015\/12\/zapisnik-sklad-14-5-2014.pdf\" target=\"_blank\" rel=\"noopener\">Zapisnik seje 14-5-2014<\/a><\/span><\/span><\/p>\n<p><span style=\"color: #008000\"><strong>ZAPISNIKI 2012\/2013<\/strong><\/span>\n<a href=\"http:\/\/os-dragatus.splet.arnes.si\/files\/2014\/02\/zapisnik_22_8_2012.pdf\" target=\"_blank\" rel=\"noopener\">Zapisnik seje 22-8-2012\n<\/a><a href=\"http:\/\/os-dragatus.splet.arnes.si\/files\/2014\/02\/2_seja-26-9-12.pdf\" target=\"_blank\" rel=\"noopener\">Zapisnik seje 26-9-2012<\/a><\/p>\n<p><strong><span style=\"color: #008000\">ZAPISNIKI 2011\/2012<\/span><\/strong>\n<a href=\"http:\/\/os-dragatus.splet.arnes.si\/files\/2014\/02\/zapisnik 13. seje.doc\" target=\"_blank\" rel=\"noopener\">Zapisnik seje 12-9-2012<\/a>\n<a href=\"http:\/\/os-dragatus.splet.arnes.si\/files\/2014\/02\/zapisnik_14_seje.doc\" target=\"_blank\" rel=\"noopener\">Zapisnik seje 29-2-2012<\/a>\n<a href=\"http:\/\/os-dragatus.splet.arnes.si\/files\/2014\/02\/zapisnik_15_seje.doc\" target=\"_blank\" rel=\"noopener\">Zapisnik seje 26-6-2012<\/a><\/p>\n<p><span style=\"color: #008000\"><strong>ZAPISNIKI 2010\/2011<\/strong><strong><a style=\"color: #008000\" href=\"http:\/\/os-dragatus.splet.arnes.si\/files\/2014\/02\/zapisnik 8. seje.pdf\" target=\"_blank\" rel=\"noopener\">\n<\/a><\/strong><\/span><a href=\"http:\/\/os-dragatus.splet.arnes.si\/files\/2014\/02\/zapisnik 9. seje.pdf\" target=\"_blank\" rel=\"noopener\">Zapisnik seje 20-9-2010<\/a><a href=\"http:\/\/os-dragatus.splet.arnes.si\/files\/2014\/02\/zapisnik 5. seje.pdf\" target=\"_blank\" rel=\"noopener\">\n<\/a><a href=\"http:\/\/os-dragatus.splet.arnes.si\/files\/2014\/02\/zapisnik 10. seje.pdf\" target=\"_blank\" rel=\"noopener\">Zapisnik seje 3-11-2010<\/a><a href=\"http:\/\/os-dragatus.splet.arnes.si\/files\/2014\/02\/zapisnik 5. seje.pdf\" target=\"_blank\" rel=\"noopener\">\n<\/a><a href=\"http:\/\/os-dragatus.splet.arnes.si\/files\/2014\/02\/zapisnik 11. seje.pdf\" target=\"_blank\" rel=\"noopener\">Zapisnik seje 30-5-2011<\/a><a href=\"http:\/\/os-dragatus.splet.arnes.si\/files\/2014\/02\/zapisnik 5. seje.pdf\" target=\"_blank\" rel=\"noopener\">\n<\/a><a href=\"http:\/\/os-dragatus.splet.arnes.si\/files\/2014\/02\/zapisnik 12. seje.doc\" target=\"_blank\" rel=\"noopener\">Zapisnik seje 30-6-2011<\/a><\/p>\n<p><strong><span style=\"color: #008000\">ZAPISNIKI 2009\/2010<\/span><\/strong>\n<a href=\"http:\/\/os-dragatus.splet.arnes.si\/files\/2014\/02\/zapisnik 6. seje.pdf\" target=\"_blank\" rel=\"noopener\">Zapisnik seje 7-9-2009<\/a>\n<a href=\"http:\/\/os-dragatus.splet.arnes.si\/files\/2014\/02\/zapisnik 7. seje.pdf\" target=\"_blank\" rel=\"noopener\">Zapisnik seje 29-9-2009<\/a>\n<a href=\"http:\/\/os-dragatus.splet.arnes.si\/files\/2014\/02\/zapisnik 8. seje.pdf\" target=\"_blank\" rel=\"noopener\">Zapisnik seje 23-6-2010<\/a><\/p>\n<p><span style=\"color: #008000\"><strong>ZAPISNIKI 2008\/2009<\/strong><a style=\"color: #008000\" href=\"http:\/\/os-dragatus.splet.arnes.si\/files\/2014\/02\/zapisnik_15_seje.doc\" target=\"_blank\" rel=\"noopener\">\n<\/a><\/span><a href=\"http:\/\/os-dragatus.splet.arnes.si\/files\/2014\/02\/zapisnik 3. seje.pdf\" target=\"_blank\" rel=\"noopener\">Zapisnik seje 26-1-2009<\/a><a href=\"http:\/\/os-dragatus.splet.arnes.si\/files\/2014\/02\/zapisnik_15_seje.doc\" target=\"_blank\" rel=\"noopener\">\n<\/a><a href=\"http:\/\/os-dragatus.splet.arnes.si\/files\/2014\/02\/zapisnik 4. seje.pdf\" target=\"_blank\" rel=\"noopener\">Zapisnik seje 30-3-2009<\/a><a href=\"http:\/\/os-dragatus.splet.arnes.si\/files\/2014\/02\/zapisnik_15_seje.doc\" target=\"_blank\" rel=\"noopener\">\n<\/a><a href=\"http:\/\/os-dragatus.splet.arnes.si\/files\/2014\/02\/zapisnik 5. seje.pdf\" target=\"_blank\" rel=\"noopener\">Zapisnik seje 22-6-2009<\/a><\/p>\n<p><span style=\"color: #008000\"><strong>ZAPISNIKI 2007\/2008<\/strong><a style=\"color: #008000\" href=\"http:\/\/os-dragatus.splet.arnes.si\/files\/2014\/02\/zapisnik_15_seje.doc\" target=\"_blank\" rel=\"noopener\">\n<\/a><\/span><a href=\"http:\/\/os-dragatus.splet.arnes.si\/files\/2014\/02\/zapisnik 2. seje.pdf\" target=\"_blank\" rel=\"noopener\">Zapisnik seje 28-8-2008<\/a><\/p>\n<p><strong><span style=\"color: #008000\">PROGRAMI DELA<\/span><\/strong>\n<a href=\"http:\/\/os-dragatus.splet.arnes.si\/files\/2014\/02\/program_dela_2012_2013.pdf\" target=\"_blank\" rel=\"noopener\">Program dela \u0161olskega sklada za \u0161. l. 2012\/2013\n<\/a><a href=\"http:\/\/os-dragatus.splet.arnes.si\/files\/2014\/02\/program_dela_2011_2012.pdf\" target=\"_blank\" rel=\"noopener\">Program dela \u0161olskega sklada za \u0161. l. 2011\/2012\n<\/a><a href=\"http:\/\/os-dragatus.splet.arnes.si\/files\/2014\/02\/program_dela_2010_2011.pdf\" target=\"_blank\" rel=\"noopener\">Program dela \u0161olskega sklada za \u0161. l. 2010\/2011<\/a><a href=\"http:\/\/os-dragatus.splet.arnes.si\/files\/2014\/02\/program_dela_2012_2013.pdf\" target=\"_blank\" rel=\"noopener\">\n<\/a><a href=\"http:\/\/os-dragatus.splet.arnes.si\/files\/2014\/02\/program dela 09-10.pdf\" target=\"_blank\" rel=\"noopener\">Program dela \u0161olskega sklada za \u0161. l. 2009\/2010<\/a><a href=\"http:\/\/os-dragatus.splet.arnes.si\/files\/2014\/02\/program_dela_2012_2013.pdf\" target=\"_blank\" rel=\"noopener\">\n<\/a><a href=\"http:\/\/os-dragatus.splet.arnes.si\/files\/2014\/02\/plan dela 08-09.pdf\" target=\"_blank\" rel=\"noopener\">Program dela \u0161olskega sklada za \u0161. l. 2008\/2009<\/a><\/p>\n<p><strong><span style=\"color: #008000\">PORO\u010cILA O DELU<\/span><\/strong>\n<a href=\"http:\/\/os-dragatus.splet.arnes.si\/files\/2014\/02\/porocilo sklada 11-12.pdf\" target=\"_blank\" rel=\"noopener\">Poro\u010dilo o delu \u0161olskega sklada za \u0161. l. 2011\/2012\n<\/a><a href=\"http:\/\/os-dragatus.splet.arnes.si\/files\/2014\/02\/porocilo sklada 10-11.doc\" target=\"_blank\" rel=\"noopener\">Poro\u010dilo o delu \u0161olskega sklada za \u0161. l. 2010\/2011<\/a>\n<a href=\"http:\/\/os-dragatus.splet.arnes.si\/files\/2014\/02\/porocilo sklada 09-10.pdf\" target=\"_blank\" rel=\"noopener\">Poro\u010dilo o delu \u0161olskega sklada za \u0161. l. 2009\/2010\n<\/a><a href=\"http:\/\/os-dragatus.splet.arnes.si\/files\/2014\/02\/porocilo sklada 08-09.pdf\" target=\"_blank\" rel=\"noopener\">Poro\u010dilo o delu \u0161olskega sklada za \u0161. l. 2008\/2009<\/a>\n<a href=\"http:\/\/os-dragatus.splet.arnes.si\/files\/2014\/02\/porocilo sklada 07-08.pdf\" target=\"_blank\" rel=\"noopener\">Poro\u010dilo o delu \u0161olskega sklada za \u0161. l. 2007\/2008<\/a><\/p><\/div>\n\t\t\t\t<\/div> &nbsp;<\/p>\n","protected":false},"excerpt":{"rendered":"<p>\u010cLANI \u0160OLSKEGA SKLADA \u2013 3 predstavniki star\u0161ev otrok iz \u0161ole: Tina Toman Vrtin, Ingrid Panjan, Anita Zajec Kambi\u010d \u2013 1 predstavnik star\u0161ev otrok iz vrtca: Klemen Beci\u0107 \u2013 3 predstavniki \u0161ole: Maja Lamut, Silva Nagode, Barbara \u0160u\u0161tari\u010d \u0160olski sklad Osnovne \u0161ole&nbsp; komandanta Staneta Dragatu\u0161 je bil ustanovljen v skladu s 135. \u010dlenom Zakona o organizaciji [&hellip;]<\/p>\n","protected":false},"author":1706,"featured_media":0,"parent":0,"menu_order":47,"comment_status":"closed","ping_status":"closed","template":"","meta":{"_et_pb_use_builder":"","_et_pb_old_content":"","_et_gb_content_width":"","ngg_post_thumbnail":0,"footnotes":"","_expiration-date-status":"","_expiration-date":0,"_expiration-date-type":"","_expiration-date-categories":[],"_expiration-date-options":[]},"class_list":["post-724","page","type-page","status-publish","hentry"],"_links":{"self":[{"href":"https:\/\/www.os-dragatus.si\/index.php?rest_route=\/wp\/v2\/pages\/724","targetHints":{"allow":["GET"]}}],"collection":[{"href":"https:\/\/www.os-dragatus.si\/index.php?rest_route=\/wp\/v2\/pages"}],"about":[{"href":"https:\/\/www.os-dragatus.si\/index.php?rest_route=\/wp\/v2\/types\/page"}],"author":[{"embeddable":true,"href":"https:\/\/www.os-dragatus.si\/index.php?rest_route=\/wp\/v2\/users\/1706"}],"replies":[{"embeddable":true,"href":"https:\/\/www.os-dragatus.si\/index.php?rest_route=%2Fwp%2Fv2%2Fcomments&post=724"}],"version-history":[{"count":16,"href":"https:\/\/www.os-dragatus.si\/index.php?rest_route=\/wp\/v2\/pages\/724\/revisions"}],"predecessor-version":[{"id":41757,"href":"https:\/\/www.os-dragatus.si\/index.php?rest_route=\/wp\/v2\/pages\/724\/revisions\/41757"}],"wp:attachment":[{"href":"https:\/\/www.os-dragatus.si\/index.php?rest_route=%2Fwp%2Fv2%2Fmedia&parent=724"}],"curies":[{"name":"wp","href":"https:\/\/api.w.org\/{rel}","templated":true}]}}