{"id":711,"date":"2014-12-19T22:19:19","date_gmt":"2014-12-19T21:19:19","guid":{"rendered":"http:\/\/os-dragatus.splet.arnes.si\/?page_id=711"},"modified":"2022-11-01T15:08:19","modified_gmt":"2022-11-01T14:08:19","slug":"svetovalna-sluzba","status":"publish","type":"page","link":"https:\/\/www.os-dragatus.si\/?page_id=711","title":{"rendered":"Svetovalna slu\u017eba"},"content":{"rendered":"<p>Kadar otrok sam ni kos u\u010denju, \u010de prihaja v spor s so\u0161olci ali u\u010ditelji, \u010de ima te\u017eave doma ali sam s seboj, mu lahko pomaga ga. Silva Nagode, socialna pedagoginja. Posebno skrb bo posve\u010dala u\u010dencem s posebnimi potrebami.&nbsp; Z njo se lahko posvetujete tudi star\u0161i. Svoj obisk predhodno najavite na tel. \u0161t. <strong>07 55 55 812<\/strong> (pisarna \u0161olske svetovalne delavke). Njena pomembna naloga je tudi poklicno usmerjanje.<\/p>\n<p>\u0160ola bo dodatno strokovno pomo\u010d poiskala pri <a href=\"http:\/\/www.posvetovalnica.si\/\" target=\"_blank\" rel=\"noopener\">Pedago\u0161ki posvetovalnici<\/a> v Novem mestu in v <a href=\"http:\/\/www.scoms-lj.si\/index.html\" target=\"_blank\" rel=\"noopener\">Svetovalnem centru za otroke, mladostnike in star\u0161e<\/a>, Gotska ul. 18 v Ljubljani.<\/p>\n<p><strong><span style=\"color: #800000\"><br \/>\nNALOGE SVETOVALNE SLU\u017dBE<\/span><\/strong><\/p>\n<p><strong>Delo z u\u010ditelji in vodstvom \u0161ole<\/strong>:<\/p>\n<p>&#8211;&nbsp;sodelovanje pri na\u010drtovanju in izvedbi vzgojno-izobra\u017eevalnega dela,<br \/>\n&#8211;&nbsp;seznanjanje u\u010diteljev z novostmi na vzgojno-izobra\u017eevalnem podro\u010dju in s strokovno literaturo,<br \/>\n&#8211;&nbsp;sodelovanje z razredniki pri spoznavanju u\u010dencev,<br \/>\n&#8211;&nbsp;pomo\u010d u\u010diteljem pri delu z u\u010denci s posebnimi potrebami,<br \/>\n&#8211;&nbsp;pomo\u010d u\u010diteljem pri delu z u\u010denci, ki izhajajo iz socialno \u0161ibkej\u0161ih dru\u017ein,<br \/>\n&#8211;&nbsp;pomo\u010d u\u010diteljem pri izvedbi RU, vklju\u010devanje u\u010dencev v interesne dejavnosti, dopolnilni pouk, dodatni pouk \u2026<br \/>\n&#8211;&nbsp;sodelovanje z u\u010ditelji pri re\u0161evanju teko\u010de problematike,<br \/>\n&#8211;&nbsp;pomo\u010d pri vodenju pedago\u0161ke dokumentacije,<br \/>\n&#8211;&nbsp;skrb in urejanje dokumentacije,<br \/>\n&#8211;&nbsp;pomo\u010d pri usmerjanju u\u010dencev v srednje \u0161ole.<\/p>\n<p><strong>Delo z u\u010denci<\/strong>:<\/p>\n<p>&#8211; vpis novincev v devetletno \u0161olo,<br \/>\n&#8211;&nbsp;razgovori s star\u0161i novincev,<br \/>\n&#8211;&nbsp;razgovori z u\u010denci, ki imajo u\u010dne te\u017eave,<br \/>\n&#8211;&nbsp;razgovori z u\u010denci, ki imajo vedenjske te\u017eave in osebnostne motnje,<br \/>\n&#8211;&nbsp;individualno delo s temi u\u010denci,<br \/>\n&#8211;&nbsp;poklicno svetovanje,<br \/>\n&#8211;&nbsp;organizacija testiranja u\u010dencev v okviru poklicne orientacije,<br \/>\n&#8211;&nbsp;vpis v srednje \u0161ole,<br \/>\n&#8211;&nbsp;pomo\u010d pri iskanju \u0161tipendij,<br \/>\n&#8211;&nbsp;evidenca in zbiranje dokumentacije za Zoisove \u0161tipendije,<br \/>\n&#8211;&nbsp;odkrivanje nadarjenih u\u010dencev.<\/p>\n<p><strong>Delo s star\u0161i<\/strong>:<\/p>\n<p>&#8211; pomo\u010d star\u0161em pri vzgoji otrok,<br \/>\n&#8211;&nbsp;poklicno svetovanje,<br \/>\n&#8211;&nbsp;delo s star\u0161i \u0161olskih novincev<br \/>\n&#8211;&nbsp;organizacija predavanj za star\u0161e.<\/p>\n<p><strong>Ostalo delo<\/strong>:<\/p>\n<p>&#8211; sodelovanje pri na\u010drtovanju \u0161olskega dela,<br \/>\n&#8211;&nbsp;skrb za urejenost dokumentacije,<br \/>\n&#8211;&nbsp;vodenje mati\u010dne knjige in izdajo ustrezne dokumentacije,<br \/>\n&#8211;&nbsp;sodelovanje s strokovnimi organi \u0161ole,<br \/>\n&#8211;&nbsp;sodelovanje z zunanjimi institucijami,<br \/>\n&#8211;&nbsp;sodelovanje s strokovnimi aktivi,<br \/>\n&#8211;&nbsp;organizacija individualne u\u010dne pomo\u010di u\u010dencem,<br \/>\n&#8211;&nbsp;regresirana prehrana otrok.<\/p>\n<div>\n<div>&nbsp;<\/div>\n<div><strong><span style=\"color: #800000\">ZAKON O PREPRE\u010cEVANJU NASILJA V DRU\u017dINI<\/span><\/strong><\/div>\n<\/div>\n<p>Spo\u0161tovani star\u0161i!<\/p>\n<p>Obve\u0161\u010damo vas, da smo pedago\u0161ki delavci po 6. \u010dlenu <a href=\"http:\/\/www.uradni-list.si\/1\/content?id=84974\" target=\"_blank\" rel=\"noopener\">Zakona o prepre\u010devanju nasilja v dru\u017eini<\/a> dol\u017eni prijaviti sum nasilja v dru\u017eini.<\/p>\n<p>\u0160olski delavci bomo v primeru zaznave suma nasilja delovali v skladu s <a href=\"http:\/\/www.uradni-list.si\/1\/content?id=95147#!\/Pravilnik-o-obravnavi-nasilja-v-druzini-za-vzgojno-izobrazevalne-zavode\" target=\"_blank\" rel=\"noopener\">Pravilnikom o obravnavi nasilja v dru\u017eini za vzgojno-izobra\u017eevalne zavode<\/a>, objavljenim v Uradnem listu RS \u0161t. 104\/2009 z dne 18.12. 2009.<\/p>\n","protected":false},"excerpt":{"rendered":"<p>Kadar otrok sam ni kos u\u010denju, \u010de prihaja v spor s so\u0161olci ali u\u010ditelji, \u010de ima te\u017eave doma ali sam s seboj, mu lahko pomaga ga. Silva Nagode, socialna pedagoginja. Posebno skrb bo posve\u010dala u\u010dencem s posebnimi potrebami.&nbsp; Z njo se lahko posvetujete tudi star\u0161i. Svoj obisk predhodno najavite na tel. \u0161t. 07 55 55 [&hellip;]<\/p>\n","protected":false},"author":1706,"featured_media":0,"parent":0,"menu_order":48,"comment_status":"closed","ping_status":"closed","template":"","meta":{"_et_pb_use_builder":"","_et_pb_old_content":"","_et_gb_content_width":"","ngg_post_thumbnail":0,"footnotes":"","_expiration-date-status":"saved","_expiration-date":0,"_expiration-date-type":"","_expiration-date-categories":[],"_expiration-date-options":[]},"class_list":["post-711","page","type-page","status-publish","hentry"],"_links":{"self":[{"href":"https:\/\/www.os-dragatus.si\/index.php?rest_route=\/wp\/v2\/pages\/711","targetHints":{"allow":["GET"]}}],"collection":[{"href":"https:\/\/www.os-dragatus.si\/index.php?rest_route=\/wp\/v2\/pages"}],"about":[{"href":"https:\/\/www.os-dragatus.si\/index.php?rest_route=\/wp\/v2\/types\/page"}],"author":[{"embeddable":true,"href":"https:\/\/www.os-dragatus.si\/index.php?rest_route=\/wp\/v2\/users\/1706"}],"replies":[{"embeddable":true,"href":"https:\/\/www.os-dragatus.si\/index.php?rest_route=%2Fwp%2Fv2%2Fcomments&post=711"}],"version-history":[{"count":36,"href":"https:\/\/www.os-dragatus.si\/index.php?rest_route=\/wp\/v2\/pages\/711\/revisions"}],"predecessor-version":[{"id":28178,"href":"https:\/\/www.os-dragatus.si\/index.php?rest_route=\/wp\/v2\/pages\/711\/revisions\/28178"}],"wp:attachment":[{"href":"https:\/\/www.os-dragatus.si\/index.php?rest_route=%2Fwp%2Fv2%2Fmedia&parent=711"}],"curies":[{"name":"wp","href":"https:\/\/api.w.org\/{rel}","templated":true}]}}