{"id":702,"date":"2014-12-19T22:09:04","date_gmt":"2014-12-19T21:09:04","guid":{"rendered":"http:\/\/os-dragatus.splet.arnes.si\/?page_id=702"},"modified":"2025-11-03T08:38:33","modified_gmt":"2025-11-03T07:38:33","slug":"govorilne-ure","status":"publish","type":"page","link":"https:\/\/www.os-dragatus.si\/?page_id=702","title":{"rendered":"Govorilne ure"},"content":{"rendered":"<p><span style=\"color: #000000\">Govorilne ure bodo praviloma ob \u010detrtkih od 16.00 do 18.00 za vse razrede.<\/span><\/p>\n<table style=\"width: 329px;height: 276px\">\n<tbody>\n<tr style=\"background-color: #bff5dd\">\n<td style=\"width: 148.2px;height: 23px\"><span style=\"color: #000000\"><strong>MESEC<\/strong><\/span><\/td>\n<td style=\"width: 167.2px;height: 23px\"><span style=\"color: #000000\"><strong>&nbsp;DATUM<\/strong><\/span><\/td>\n<\/tr>\n<tr style=\"height: 23px\">\n<td style=\"width: 148.2px;height: 23px\">SEPTEMBER<\/td>\n<td style=\"width: 167.2px;text-align: center;height: 23px\">11. 9. 2025<\/td>\n<\/tr>\n<tr style=\"height: 23px\">\n<td style=\"width: 148.2px;height: 23px\">OKTOBER<\/td>\n<td style=\"width: 167.2px;text-align: center;height: 23px\">2. 10. 2025<\/td>\n<\/tr>\n<tr style=\"height: 23px\">\n<td style=\"width: 148.2px;height: 23px\">NOVEMBER<\/td>\n<td style=\"width: 167.2px;text-align: center;height: 23px\">6. 11. 2025<\/td>\n<\/tr>\n<tr style=\"height: 23px\">\n<td style=\"width: 148.2px;height: 23px\">DECEMBER<\/td>\n<td style=\"width: 167.2px;text-align: center;height: 23px\">4. 12. 2025<\/td>\n<\/tr>\n<tr style=\"height: 23px\">\n<td style=\"width: 148.2px;height: 23px\">JANUAR<\/td>\n<td style=\"width: 167.2px;text-align: center;height: 23px\">8. 1. 2026<\/td>\n<\/tr>\n<tr style=\"height: 23px\">\n<td style=\"width: 148.2px;height: 23px\">FEBRUAR<\/td>\n<td style=\"width: 167.2px;text-align: center;height: 23px\">5. 2. 2026<\/td>\n<\/tr>\n<tr style=\"height: 23px\">\n<td style=\"width: 148.2px;height: 23px\">MAREC<\/td>\n<td style=\"width: 167.2px;text-align: center;height: 23px\">5. 3. 2026<\/td>\n<\/tr>\n<tr style=\"height: 23px\">\n<td style=\"width: 148.2px;height: 23px\">APRIL<\/td>\n<td style=\"width: 167.2px;text-align: center;height: 23px\">2. 4. 2026<\/td>\n<\/tr>\n<tr style=\"height: 23px\">\n<td style=\"width: 148.2px;height: 23px\">MAJ<\/td>\n<td style=\"width: 167.2px;text-align: center;height: 23px\">7. 5. 2026<\/td>\n<\/tr>\n<tr style=\"height: 23px\">\n<td style=\"width: 148.2px;height: 23px\">zadnje za 9. r.<\/td>\n<td style=\"width: 167.2px;text-align: center;height: 23px\">28. 5. 2026<\/td>\n<\/tr>\n<tr style=\"height: 23px\">\n<td style=\"width: 148.2px;height: 23px\">JUNIJ&nbsp;<\/td>\n<td style=\"width: 167.2px;text-align: center;height: 23px\">4. 6. 2026<\/td>\n<\/tr>\n<\/tbody>\n<\/table>\n<p><span style=\"color: #008000\"><strong>TERMINI DOPOLDANSKIH GOVORILNIH UR<br \/>\n<\/strong><\/span>Vsak-a u\u010ditelj-ica ima enkrat mese\u010dno dopoldansko govorilno uro &#8211; v tednu, ko je popoldanska govorilna ura.<\/p>\n<p>&nbsp;<\/p>\n<table style=\"width: 753px;height: 1195px\">\n<tbody>\n<tr style=\"background-color: #bff5dd\">\n<td style=\"vertical-align: middle;height: 33px;width: 290.781px\"><strong>U\u010cITELJ-ICA<\/strong><\/td>\n<td style=\"vertical-align: middle;text-align: center;height: 33px;width: 77.2188px\"><strong>DAN<\/strong><\/td>\n<td style=\"vertical-align: middle;text-align: center;height: 33px;width: 174.469px\"><strong>URA<\/strong><\/td>\n<td style=\"vertical-align: middle;text-align: center;height: 33px;width: 182.531px\"><strong>PROSTOR<\/strong><\/td>\n<\/tr>\n<tr style=\"height: 33px\">\n<td style=\"vertical-align: middle;height: 33px;width: 290.781px\"><span style=\"color: #000000\"><strong>Sanela Majstorovi\u0107<\/strong><\/span><br \/>\n<span style=\"color: #000000\">sanela.majstorovic(afna)os-dragatus.si<\/span><\/td>\n<td style=\"vertical-align: middle;text-align: center;height: 33px;width: 77.2188px\">torek<\/td>\n<td style=\"vertical-align: middle;text-align: center;height: 33px;width: 174.469px\"><span style=\"color: #000000\">8.20-9.05<\/span><\/td>\n<td style=\"vertical-align: middle;text-align: center;height: 33px;width: 182.531px\">pisarna<\/td>\n<\/tr>\n<tr style=\"background-color: #d9d9d9\">\n<td style=\"vertical-align: middle;height: 33px;background-color: #ffffff;width: 290.781px\"><span style=\"color: #000000\"><strong>Mojca Pavlini\u010d<\/strong><\/span><br \/>\n<span style=\"color: #000000\">mojca.pavlinic1(afna)os-dragatus.si<\/span><\/td>\n<td style=\"vertical-align: middle;text-align: center;height: 33px;background-color: #ffffff;width: 77.2188px\">petek<\/td>\n<td style=\"vertical-align: middle;text-align: center;height: 33px;background-color: #ffffff;width: 174.469px\">6.35-7.20<\/td>\n<td style=\"vertical-align: middle;text-align: center;height: 33px;background-color: #ffffff;width: 182.531px\">hodnik \/ knji\u017enica<\/td>\n<\/tr>\n<tr style=\"height: 33px\">\n<td style=\"vertical-align: middle;height: 33px;width: 290.781px\"><span style=\"color: #000000\"><strong>Marija Vesna Frank<\/strong><br \/>\nmarijavesna.frank(afna)os-dragatus.si<\/span><\/td>\n<td style=\"vertical-align: middle;text-align: center;height: 33px;width: 77.2188px\">\u010detrtek<\/td>\n<td style=\"vertical-align: middle;text-align: center;height: 33px;width: 174.469px\">8.20-9.05<\/td>\n<td style=\"vertical-align: middle;text-align: center;height: 33px;width: 182.531px\">&nbsp;<\/td>\n<\/tr>\n<tr>\n<td style=\"vertical-align: middle;width: 290.781px;background-color: #ffffff\"><span style=\"color: #000000\"><strong>Maja Lamut<br \/>\n<\/strong>maja.lamut(afna)os-dragatus.si<\/span><\/td>\n<td style=\"vertical-align: middle;text-align: center;width: 77.2188px;background-color: #ffffff\">sreda<\/td>\n<td style=\"vertical-align: middle;text-align: center;width: 174.469px;background-color: #ffffff\">7.30-8.15<\/td>\n<td style=\"vertical-align: middle;text-align: center;width: 182.531px;background-color: #ffffff\">&nbsp;<\/td>\n<\/tr>\n<tr style=\"height: 33px\">\n<td style=\"vertical-align: middle;height: 33px;width: 290.781px\"><span style=\"color: #000000\"><strong>Ivanka \u0160u\u0161tari\u010d<\/strong><\/span><br \/>\n<span style=\"color: #000000\">ivanka.sustaric(afna)os-dragatus.si<\/span><\/td>\n<td style=\"vertical-align: middle;text-align: center;height: 33px;width: 77.2188px\">sreda<\/td>\n<td style=\"vertical-align: middle;text-align: center;height: 33px;width: 174.469px\">10.30-11.15<\/td>\n<td style=\"vertical-align: middle;text-align: center;height: 33px;width: 182.531px\">mati\u010dna u\u010dilnica 4. razreda<\/td>\n<\/tr>\n<tr style=\"background-color: #ffffff;height: 33px\">\n<td style=\"vertical-align: middle;height: 33px;width: 290.781px\"><span style=\"color: #000000\"><strong>Sabina Luke\u017ei\u010d<\/strong><\/span><br \/>\n<span style=\"color: #000000\">sabina.lukezic(afna)os-dragatus.si<\/span><\/td>\n<td style=\"vertical-align: middle;text-align: center;height: 33px;width: 77.2188px\">torek<\/td>\n<td style=\"vertical-align: middle;text-align: center;height: 33px;width: 174.469px\">10.30-11.15<\/td>\n<td style=\"vertical-align: middle;text-align: center;height: 33px;width: 182.531px\">&nbsp;<\/td>\n<\/tr>\n<tr style=\"height: 33px\">\n<td style=\"vertical-align: middle;height: 33px;width: 290.781px\"><span style=\"color: #000000\"><strong>Jo\u017eica Medve\u0161ek Grobov\u0161ek<\/strong><\/span><br \/>\n<span style=\"color: #000000\">jozica.medvesek(afna)os-dragatus.si<\/span><\/td>\n<td style=\"vertical-align: middle;text-align: center;height: 33px;width: 77.2188px\">\u010detrtek<\/td>\n<td style=\"vertical-align: middle;text-align: center;height: 33px;width: 174.469px\">9.25-10.10<\/td>\n<td style=\"vertical-align: middle;text-align: center;height: 33px;width: 182.531px\">&nbsp;<\/td>\n<\/tr>\n<tr style=\"background-color: #ffffff;height: 34px\">\n<td style=\"vertical-align: middle;height: 34px;width: 290.781px\"><span style=\"color: #000000\"><strong>Ljiljana Jankovi\u010d<\/strong><\/span><br \/>\n<span style=\"color: #000000\">ljiljana.jankovic(afna)os-dragatus.si<\/span><\/td>\n<td style=\"vertical-align: middle;text-align: center;height: 34px;width: 77.2188px\">sreda<\/td>\n<td style=\"vertical-align: middle;text-align: center;height: 34px;width: 174.469px\">8.20-9.05<\/td>\n<td style=\"vertical-align: middle;text-align: center;height: 34px;width: 182.531px\">zbornica<\/td>\n<\/tr>\n<tr style=\"height: 34px\">\n<td style=\"vertical-align: middle;height: 34px;width: 290.781px\"><span style=\"color: #000000\"><strong>Sebastjan Slemen\u0161ek<\/strong><\/span><br \/>\n<span style=\"color: #000000\">sebastjan.slemensek(afna)os-dragatus.si<\/span><\/td>\n<td style=\"vertical-align: middle;text-align: center;height: 34px;width: 77.2188px\">\u010detrtek<\/td>\n<td style=\"vertical-align: middle;text-align: center;height: 34px;width: 174.469px\">9.25-10.10<\/td>\n<td style=\"vertical-align: middle;text-align: center;height: 34px;width: 182.531px\">u\u010dilnica \u0161t. 6<\/td>\n<\/tr>\n<tr style=\"background-color: #ffffff;height: 34px\">\n<td style=\"vertical-align: middle;height: 34px;width: 290.781px\"><span style=\"color: #000000\"><strong>Maja Jeler\u010di\u010d Jesih<\/strong><\/span><br \/>\n<span style=\"color: #000000\">maja.jelercic-jesih(afna)os-dragatus.si<\/span><\/td>\n<td style=\"vertical-align: middle;text-align: center;height: 34px;width: 77.2188px\">ponedeljek<\/td>\n<td style=\"vertical-align: middle;text-align: center;height: 34px;width: 174.469px\">10.30-11.15<\/td>\n<td style=\"vertical-align: middle;text-align: center;height: 34px;width: 182.531px\">&nbsp;<\/td>\n<\/tr>\n<tr style=\"height: 34px\">\n<td style=\"vertical-align: middle;height: 34px;width: 290.781px\"><span style=\"color: #000000\"><strong>Jasmina Strugar<\/strong><\/span><br \/>\n<span style=\"color: #000000\">jasmina.strugar(afna)os-dragatus.si<\/span><\/td>\n<td style=\"vertical-align: middle;text-align: center;height: 34px;width: 77.2188px\">\u010detrtek<\/td>\n<td style=\"vertical-align: middle;text-align: center;height: 34px;width: 174.469px\">9.25-10.10<\/td>\n<td style=\"vertical-align: middle;text-align: center;height: 34px;width: 182.531px\">zbornica<\/td>\n<\/tr>\n<tr style=\"background-color: #ffffff;height: 34px\">\n<td style=\"vertical-align: middle;height: 34px;width: 290.781px\"><span style=\"color: #000000\"><strong>Anita Vrtin<\/strong><\/span><br \/>\n<span style=\"color: #000000\">anita.vrtin(afna)os-dragatus.si<\/span><\/td>\n<td style=\"vertical-align: middle;text-align: center;height: 34px;width: 77.2188px\">petek<\/td>\n<td style=\"vertical-align: middle;text-align: center;height: 34px;width: 174.469px\">8.20-9.05<\/td>\n<td style=\"vertical-align: middle;text-align: center;height: 34px;width: 182.531px\">kabinet u\u010dilnice \u0161t. 14<\/td>\n<\/tr>\n<tr style=\"height: 34px\">\n<td style=\"vertical-align: middle;height: 34px;width: 290.781px\"><span style=\"color: #000000\"><strong>Robertina Ladika Migali\u010d<\/strong><\/span><br \/>\n<span style=\"color: #000000\">robertina.ladika(afna)guest.arnes.si<\/span><\/td>\n<td style=\"vertical-align: middle;text-align: center;height: 34px;width: 77.2188px\">sreda<\/td>\n<td style=\"vertical-align: middle;text-align: center;height: 34px;width: 174.469px\">11.20-12.05<\/td>\n<td style=\"vertical-align: middle;text-align: center;height: 34px;width: 182.531px\">zbornica<\/td>\n<\/tr>\n<tr style=\"background-color: #ffffff;height: 34px\">\n<td style=\"vertical-align: middle;height: 34px;width: 290.781px\"><span style=\"color: #000000\"><strong>Nata\u0161a Podhostnik<\/strong><\/span><br \/>\n<span style=\"color: #000000\">natasa.podhostnik(afna)guest.arnes.si<\/span><\/td>\n<td style=\"vertical-align: middle;text-align: center;height: 34px;width: 77.2188px\">torek<\/td>\n<td style=\"vertical-align: middle;text-align: center;height: 34px;width: 174.469px\">11.20\u201312.05<\/td>\n<td style=\"vertical-align: middle;text-align: center;height: 34px;width: 182.531px\">knji\u017enica<\/td>\n<\/tr>\n<tr style=\"height: 34px\">\n<td style=\"vertical-align: middle;height: 34px;width: 290.781px\"><span style=\"color: #000000\"><strong>Ur\u0161ka Kova\u010di\u010d<\/strong><\/span><br \/>\n<span style=\"color: #000000\">urska.kovacic(afna)os-dragatus.si<\/span><\/td>\n<td style=\"vertical-align: middle;text-align: center;height: 34px;width: 77.2188px\">torek<\/td>\n<td style=\"vertical-align: middle;text-align: center;width: 174.469px\">9.25-10.10<\/td>\n<td style=\"vertical-align: middle;text-align: center;width: 182.531px\">knji\u017enica<\/td>\n<\/tr>\n<tr style=\"background-color: #ffffff;height: 34px\">\n<td style=\"vertical-align: middle;height: 34px;width: 290.781px\"><span style=\"color: #000000\"><strong>Iva Schweiger<\/strong><\/span><br \/>\n<span style=\"color: #000000\">iva.schweiger(afna)os-mjc.si<\/span><\/td>\n<td style=\"vertical-align: middle;text-align: center;height: 34px;width: 77.2188px\">&nbsp;<\/td>\n<td style=\"vertical-align: middle;text-align: center;height: 34px;width: 174.469px\">&nbsp;<\/td>\n<td style=\"vertical-align: middle;text-align: center;height: 34px;width: 182.531px\">&nbsp;<\/td>\n<\/tr>\n<tr style=\"height: 34px\">\n<td style=\"vertical-align: middle;height: 34px;width: 290.781px\"><span style=\"color: #000000\"><strong>Barbara Stuhne Vuk<\/strong><\/span><br \/>\n<span style=\"color: #000000\">barbara.stuhne-vuk(afna)guest.arnes.si<\/span><\/td>\n<td style=\"vertical-align: middle;text-align: center;height: 34px;width: 77.2188px\">torek<\/td>\n<td style=\"vertical-align: middle;text-align: center;width: 174.469px\">7.30-8.15<\/td>\n<td style=\"vertical-align: middle;text-align: center;width: 182.531px\">knji\u017enica<\/td>\n<\/tr>\n<tr style=\"background-color: #ffffff;height: 34px\">\n<td style=\"vertical-align: middle;height: 34px;width: 290.781px\"><span style=\"color: #000000\"><strong>\u0160pela \u0160tefani\u010d<\/strong><\/span><br \/>\n<span style=\"color: #000000\">spela.stefanic(afna)os-dragatus.si<\/span><\/td>\n<td style=\"vertical-align: middle;text-align: center;height: 34px;width: 77.2188px\">petek<\/td>\n<td style=\"vertical-align: middle;text-align: center;height: 34px;width: 174.469px\">11.20-12.05<\/td>\n<td style=\"vertical-align: middle;text-align: center;height: 34px;width: 182.531px\">&nbsp;<\/td>\n<\/tr>\n<tr style=\"height: 34px\">\n<td style=\"vertical-align: middle;height: 34px;width: 290.781px\"><span style=\"color: #000000\"><strong>\u017dan Brozovi\u010d<\/strong><\/span><br \/>\n<span style=\"color: #000000\">zan.brozovic(afna)os-dragatus.si<\/span><\/td>\n<td style=\"vertical-align: middle;text-align: center;height: 34px;width: 77.2188px\">petek<\/td>\n<td style=\"vertical-align: middle;text-align: center;width: 174.469px\">10.30-11.15<\/td>\n<td style=\"vertical-align: middle;text-align: center;width: 182.531px\">&nbsp;<\/td>\n<\/tr>\n<\/tbody>\n<\/table>\n<p><b><br \/>\n<\/b><strong>Popoldanske govorilne ure<\/strong> bodo v mati\u010dnih razredih.<\/p>\n<p><strong>Dopoldanske govorilne ure<\/strong> bodo praviloma potekale v navedenih prostorih.<\/p>\n","protected":false},"excerpt":{"rendered":"<p>Govorilne ure bodo praviloma ob \u010detrtkih od 16.00 do 18.00 za vse razrede. MESEC &nbsp;DATUM SEPTEMBER 11. 9. 2025 OKTOBER 2. 10. 2025 NOVEMBER 6. 11. 2025 DECEMBER 4. 12. 2025 JANUAR 8. 1. 2026 FEBRUAR 5. 2. 2026 MAREC 5. 3. 2026 APRIL 2. 4. 2026 MAJ 7. 5. 2026 zadnje za 9. r. [&hellip;]<\/p>\n","protected":false},"author":1706,"featured_media":0,"parent":0,"menu_order":15,"comment_status":"closed","ping_status":"closed","template":"","meta":{"_et_pb_use_builder":"","_et_pb_old_content":"","_et_gb_content_width":"","ngg_post_thumbnail":0,"footnotes":"","_expiration-date-status":"","_expiration-date":0,"_expiration-date-type":"","_expiration-date-categories":[],"_expiration-date-options":[]},"class_list":["post-702","page","type-page","status-publish","hentry"],"_links":{"self":[{"href":"https:\/\/www.os-dragatus.si\/index.php?rest_route=\/wp\/v2\/pages\/702","targetHints":{"allow":["GET"]}}],"collection":[{"href":"https:\/\/www.os-dragatus.si\/index.php?rest_route=\/wp\/v2\/pages"}],"about":[{"href":"https:\/\/www.os-dragatus.si\/index.php?rest_route=\/wp\/v2\/types\/page"}],"author":[{"embeddable":true,"href":"https:\/\/www.os-dragatus.si\/index.php?rest_route=\/wp\/v2\/users\/1706"}],"replies":[{"embeddable":true,"href":"https:\/\/www.os-dragatus.si\/index.php?rest_route=%2Fwp%2Fv2%2Fcomments&post=702"}],"version-history":[{"count":16,"href":"https:\/\/www.os-dragatus.si\/index.php?rest_route=\/wp\/v2\/pages\/702\/revisions"}],"predecessor-version":[{"id":39938,"href":"https:\/\/www.os-dragatus.si\/index.php?rest_route=\/wp\/v2\/pages\/702\/revisions\/39938"}],"wp:attachment":[{"href":"https:\/\/www.os-dragatus.si\/index.php?rest_route=%2Fwp%2Fv2%2Fmedia&parent=702"}],"curies":[{"name":"wp","href":"https:\/\/api.w.org\/{rel}","templated":true}]}}