{"id":637,"date":"2014-12-18T21:30:04","date_gmt":"2014-12-18T20:30:04","guid":{"rendered":"http:\/\/os-dragatus.splet.arnes.si\/?page_id=637"},"modified":"2025-10-09T12:16:42","modified_gmt":"2025-10-09T10:16:42","slug":"druge-oblike-pouka","status":"publish","type":"page","link":"https:\/\/www.os-dragatus.si\/?page_id=637","title":{"rendered":"Druge oblike pouka"},"content":{"rendered":"<p><span style=\"color: #008000\"><strong>TE\u010cAJNI POUK<\/strong><\/span><\/p>\n<p><strong>20-urni te\u010daj plavanja &#8211; 3. razred<\/strong><\/p>\n<p>Te\u010daj bo potekal v OC \u010ce\u0161\u010da vas meseca <strong>septembra<\/strong> v <strong>dopoldanskem<\/strong> \u010dasu. Ker je te\u010daj plavanja v sklopu predmeta \u0161port, imajo u\u010denci med \u0161olskim letom 20 ur manj \u0161porta. O terminu se bomo s star\u0161i u\u010dencev 3. razreda dogovorili v za\u010detku septembra.<\/p>\n<p><strong><br \/>\nTe\u010daj kolesarjenja &#8211; 5. razred<\/strong><\/p>\n<p><span style=\"font-weight: 400\">Te\u010daj se bo opravljal v treh delih. Teoreti\u010dni del bo potekal znotraj razli\u010dnih predmetov (DRU, NIT, SLJ, \u0160PO) v septembru (in oktobru). Poligon bo izveden znotraj tehni\u010dnega dneva, prakti\u010dna vo\u017enja pa po obeh uspe\u0161no kon\u010danih delih (teorija in poligon) izven pouka (popoldan). Vodila ga bo razredni\u010darka 5. razreda v sodelovanju s Policijsko postajo \u010crnomelj.&nbsp;<\/span><\/p>\n<p><strong><span style=\"color: #008000\">POUK TUJIH JEZIKOV<\/span><\/strong><\/p>\n<p>Z obveznim u\u010denjem angle\u0161\u010dine za\u010denjajo \u017ee v 1. razredu, u\u010denci tretje triade si lahko izberejo nem\u0161\u010dino kot izbirni predmet, \u010detrto\u0161olci pa kot neobvezni izbirni predmet.<\/p>\n<p><strong><br \/>\n<span style=\"color: #008000\">INDIVIDUALNA IN SKUPINSKA POMO\u010c<\/span><\/strong><\/p>\n<p>81. \u010dlen <a href=\"http:\/\/www.pisrs.si\/Pis.web\/pregledPredpisa?id=ZAKO445\" target=\"_blank\" rel=\"noopener noreferrer\"> Zakona o organizaciji in financiranju vzgoje in izobra\u017eevanja<\/a> dolo\u010da 0,5 ure individualne oz. skupinske pomo\u010di u\u010dencem na oddelek, ki jih bomo namenili delu z nadarjenimi u\u010denci (raziskovalna ali projektna naloga, tekmovanja) in delu z u\u010denci, ki imajo u\u010dne te\u017eave. Izvajalci pomo\u010di bodo Ljiljana Jankovi\u010d, Maja Jeler\u010di\u010d Jesih in Ivanka \u0160u\u0161tari\u010d.<\/p>\n<p><a href=\"https:\/\/www.gov.si\/assets\/ministrstva\/MIZS\/Dokumenti\/Osnovna-sola\/Ucni-nacrti\/Drugi-konceptualni-dokumenti\/Odkrivanje_in_delo_z_nadarjenimi_ucenci.pdf\" target=\"_blank\" rel=\"noopener noreferrer\">Odkrivanje in delo z nadarjenimi u\u010denci&#8230;<\/a><\/p>\n<p><strong><br \/>\n<span style=\"color: #008000\">DODATNA STROKOVNA POMO\u010c za u\u010dence s posebnimi potrebami<\/span><\/strong><\/p>\n<p>V \u0161oli imamo u\u010dence z odlo\u010dbo o usmeritvi v izobra\u017eevalni program s prilagojenim izvajanjem in dodatno strokovno pomo\u010djo. Za vsakega od teh u\u010dencev je ustanovljena komisija (koordinatorica ga. Silva Nagode, \u010dlani: razrednik, izvajalci pomo\u010di ter u\u010ditelji temeljnih predmetov) in izdelan individualni program. Izvajalci DSP: Ljiljana Jankovi\u010d, Nata\u0161a Podhostnik, Silva Nagode, Anita Vrtin, Maja Jeler\u010di\u010d Jesih, Iva Schweiger, Mojca Pavlini\u010d, Monika Miheli\u010d (O\u0160 Milke \u0160obar Nata\u0161e) in Matja\u017e Bari\u010d (O\u0160 Milke \u0160obar Nata\u0161e).<\/p>\n<p><a href=\"https:\/\/www.gov.si\/assets\/ministrstva\/MIZS\/Dokumenti\/Osnovna-sola\/Ucni-nacrti\/Drugi-konceptualni-dokumenti\/Navodila_Primanjkljaji_podrocja_ucenja.pdf\" target=\"_blank\" rel=\"noopener noreferrer\">Dodatne informacije&#8230;<\/a><\/p>\n<p><strong><br \/>\n<span style=\"color: #008000\">DODATNI POUK<\/span><\/strong><\/p>\n<p>U\u010dencem z bolj\u0161im u\u010dnim uspehom, ki pri posameznih predmetih presegajo dolo\u010dene standarde znanja, je namenjen dodatni pouk. S poglobljenimi in raz\u0161irjenimi vsebinami ter razli\u010dnimi metodami dela, kot so samostojno u\u010denje, problemski pouk in priprave na tekmovanja, podpira doseganje vi\u0161jih u\u010dnih ciljev.<\/p>\n<p><strong><br \/>\n<span style=\"color: #008000\">DOPOLNILNI POUK<\/span><\/strong><\/p>\n<p>U\u010dencem, ki poleg rednega pouka potrebujejo \u0161e dopolnilno razlago snovi in pomo\u010d u\u010ditelja, je namenjen dopolnilni pouk. Z druga\u010dnim na\u010dinom dela u\u010denci la\u017eje usvojijo temeljne u\u010dne cilje.<\/p>\n<p>Razporeditev dodatnega in dopolnilnega pouka:<\/p>\n<table style=\"width: 100%\">\n<tbody>\n<tr>\n<td style=\"width: 29.1411%\"><strong>Razred\/predmet<\/strong><\/td>\n<td style=\"width: 22.1113%\"><strong>\u0160tevilo ur tedensko<\/strong><\/td>\n<td style=\"width: 47.7251%\"><strong>Izvajalec<\/strong><\/td>\n<\/tr>\n<tr>\n<td style=\"width: 29.1411%\">1. r.<\/td>\n<td style=\"width: 22.1113%\">1<\/td>\n<td style=\"width: 47.7251%\">Marija Vesna Frank<\/td>\n<\/tr>\n<tr>\n<td style=\"width: 29.1411%\">2. r.<\/td>\n<td style=\"width: 22.1113%\">1<\/td>\n<td style=\"width: 47.7251%\">Mojca Pavlini\u010d<\/td>\n<\/tr>\n<tr>\n<td style=\"width: 29.1411%\">3. r.<\/td>\n<td style=\"width: 22.1113%\">1<\/td>\n<td style=\"width: 47.7251%\">Sabina Luke\u017ei\u010d<\/td>\n<\/tr>\n<tr>\n<td style=\"width: 29.1411%\">4. r.<\/td>\n<td style=\"width: 22.1113%\">1<\/td>\n<td style=\"width: 47.7251%\">Ivanka \u0160u\u0161tari\u010d<\/td>\n<\/tr>\n<tr>\n<td style=\"width: 29.1411%\">5. r.<\/td>\n<td style=\"width: 22.1113%\">1<\/td>\n<td style=\"width: 47.7251%\">Maja Lamut<\/td>\n<\/tr>\n<tr>\n<td style=\"width: 29.1411%\">MATEMATIKA<\/td>\n<td style=\"width: 22.1113%\">1,5<\/td>\n<td style=\"width: 47.7251%\">Ljiljana Jankovi\u010d<\/td>\n<\/tr>\n<tr>\n<td style=\"width: 29.1411%\">SLOVEN\u0160\u010cINA<\/td>\n<td style=\"width: 22.1113%\">1 (samo dop)<\/td>\n<td style=\"width: 47.7251%\">Nata\u0161a Podhostnik<\/td>\n<\/tr>\n<tr>\n<td style=\"width: 29.1411%\">ANGLE\u0160\u010cINA<\/td>\n<td style=\"width: 22.1113%\">1 (samo dop)<\/td>\n<td style=\"width: 47.7251%\">Maja Jeler\u010di\u010d Jesih<\/td>\n<\/tr>\n<tr>\n<td style=\"width: 29.1411%\">KEMIJA<\/td>\n<td style=\"width: 22.1113%\">1<\/td>\n<td style=\"width: 47.7251%\">\u0160pela \u0160tefani\u010d<\/td>\n<\/tr>\n<\/tbody>\n<\/table>\n<p>Za dopolnilni in dodatni pouk je tedensko namenjeno 9 ur.<\/p>\n<p><span style=\"color: #008000\"><strong>\u0160OLA V NARAVI<\/strong><\/span><\/p>\n<p>Za u\u010dence organiziramo \u0161olo v naravi. U\u010denci dneve namesto v u\u010dilnicah pre\u017eivijo v prijetnem in spodbudnem naravnem okolju v Sloveniji in izven meja. Program zajema naravoslovje, \u0161portno rekreativne vsebine in zakonitosti \u017eivljenja v naravi.<br \/>\n1. in 2. razred:<br \/>\n\u2022 od 7. 4. 2026 do 9. 4. 2026 \u2013 C\u0160OD Fara.<br \/>\n8. in 9. razred:<br \/>\n\u2022 od 13. 4. 2026 do 17. 4. 2026 \u2013 C\u0160OD So\u010da.<\/p>\n","protected":false},"excerpt":{"rendered":"<p>TE\u010cAJNI POUK 20-urni te\u010daj plavanja &#8211; 3. razred Te\u010daj bo potekal v OC \u010ce\u0161\u010da vas meseca septembra v dopoldanskem \u010dasu. Ker je te\u010daj plavanja v sklopu predmeta \u0161port, imajo u\u010denci med \u0161olskim letom 20 ur manj \u0161porta. O terminu se bomo s star\u0161i u\u010dencev 3. razreda dogovorili v za\u010detku septembra. Te\u010daj kolesarjenja &#8211; 5. razred [&hellip;]<\/p>\n","protected":false},"author":1706,"featured_media":0,"parent":0,"menu_order":12,"comment_status":"closed","ping_status":"closed","template":"","meta":{"_et_pb_use_builder":"","_et_pb_old_content":"","_et_gb_content_width":"","ngg_post_thumbnail":0,"footnotes":"","_expiration-date-status":"","_expiration-date":0,"_expiration-date-type":"","_expiration-date-categories":[],"_expiration-date-options":[]},"class_list":["post-637","page","type-page","status-publish","hentry"],"_links":{"self":[{"href":"https:\/\/www.os-dragatus.si\/index.php?rest_route=\/wp\/v2\/pages\/637","targetHints":{"allow":["GET"]}}],"collection":[{"href":"https:\/\/www.os-dragatus.si\/index.php?rest_route=\/wp\/v2\/pages"}],"about":[{"href":"https:\/\/www.os-dragatus.si\/index.php?rest_route=\/wp\/v2\/types\/page"}],"author":[{"embeddable":true,"href":"https:\/\/www.os-dragatus.si\/index.php?rest_route=\/wp\/v2\/users\/1706"}],"replies":[{"embeddable":true,"href":"https:\/\/www.os-dragatus.si\/index.php?rest_route=%2Fwp%2Fv2%2Fcomments&post=637"}],"version-history":[{"count":15,"href":"https:\/\/www.os-dragatus.si\/index.php?rest_route=\/wp\/v2\/pages\/637\/revisions"}],"predecessor-version":[{"id":39608,"href":"https:\/\/www.os-dragatus.si\/index.php?rest_route=\/wp\/v2\/pages\/637\/revisions\/39608"}],"wp:attachment":[{"href":"https:\/\/www.os-dragatus.si\/index.php?rest_route=%2Fwp%2Fv2%2Fmedia&parent=637"}],"curies":[{"name":"wp","href":"https:\/\/api.w.org\/{rel}","templated":true}]}}