{"id":633,"date":"2014-12-18T21:26:41","date_gmt":"2014-12-18T20:26:41","guid":{"rendered":"http:\/\/os-dragatus.splet.arnes.si\/?page_id=633"},"modified":"2025-09-08T09:47:17","modified_gmt":"2025-09-08T07:47:17","slug":"zaposleni","status":"publish","type":"page","link":"https:\/\/www.os-dragatus.si\/?page_id=633","title":{"rendered":"Zaposleni"},"content":{"rendered":"<p><span lang=\"SL\"><strong>RAVNATELJICA<br \/><\/strong><\/span><span lang=\"SL\">SANELA MAJSTOROVI\u0106<\/span><\/p>\r\n<p><strong>POMO\u010cNICA RAVNATELJICE (za vrtec)<br \/><\/strong>UR\u0160KA KOVA\u010cI\u010c<\/p>\r\n<p><strong>SVETOVALNA DELAVKA<br \/><\/strong>SILVA NAGODE<\/p>\r\n<p><strong>RA\u010cUNALNIKAR &#8211; ORGANIZATOR INFORMACIJSKIH DEJAVNOSTI<br \/><\/strong>Rok Mik\u0161i\u010d<\/p>\r\n<p><span lang=\"SL\"><strong>TEHNI\u010cNO OSEBJE<br \/><\/strong>ra\u010dunovodkinja<br \/>Margita Adami\u010d<br \/><\/span><span lang=\"SL\">ra\u010dunovodsko-administrativna delavka<br \/>MATEJA KAV\u0160EK<\/span><\/p>\r\n<p><span lang=\"SL\">zaposleni v kuhinji<br \/>SANDRA HUDELJA<br \/>MARTIN MU\u017dAR<br \/>MATEJA BAJUK<\/span><\/p>\r\n<p><span lang=\"SL\">\u010distilke<br \/>DARINKA BUTALA<br \/>RU\u017dA IVANI\u010c<br \/>LARA HUDELJA<br \/><\/span><\/p>\r\n<p><span lang=\"SL\">hi\u0161nik<br \/>ANTON JUR\u0160AK<\/span><\/p>\r\n<p><strong>PEDAGO\u0160KI KADER<\/strong><span lang=\"SL\"><br \/>MARIJA VESNA FRANK<br \/><span lang=\"sl\">J<\/span>O\u017dICA MEDVE\u0160EK GROBOV\u0160EK<br \/>SEBASTJAN SLEMEN\u0160EK<br \/><\/span><span lang=\"SL\">LJILJANA JANKOVI\u010c<\/span><span lang=\"SL\"><br \/>MAJA JELER\u010cI\u010c JESIH<br \/>UR\u0160KA KOVA\u010cI\u010c<br \/>MAJA LAMUT<br \/>SABINA LUKE\u017dI\u010c<br \/><\/span>ROBERTINA LADIKA MIGALI\u010c (O\u0160 VINICA)<br \/><span lang=\"SL\"><span lang=\"SL\">MONIKA MIHELI\u010c (O\u0160 MILKE \u0160OBAR NATA\u0160E)<br \/>MATJA\u017d BARI\u010c (O\u0160 MILKE \u0160OBAR NATA\u0160E)<\/span><span lang=\"SL\"><span lang=\"sl\"><br \/><\/span><\/span>MOJCA PAVLINI\u010c<br \/>NATA\u0160A PODHOSTNIK<br \/>IVA SCHWEIGER (O\u0160 MIRANA JARCA \u010cRNOMELJ)<br \/><\/span><span lang=\"SL\">JASMINA STRUGAR<br \/>BARBARA STUHNE VUK (O\u0160 VINICA)<br \/><\/span><span lang=\"SL\">IVANKA \u0160U\u0160TARI\u010c<\/span><span lang=\"SL\"><br \/><\/span><span lang=\"SL\">ANITA VRTIN<br \/>\u017dAN BROZOVI\u010c<br \/>\u0160PELA \u0160TEFANI\u010c<\/span><\/p>\r\n<p><strong><span lang=\"sl\">ZAPOSLENI V VRTCU<br \/><\/span><\/strong><span lang=\"SL\">\u0160PELA ADLE\u0160I\u010c<br \/>MARU\u0160A DIVJAK<br \/>\u0160PELA GARANTINI<br \/>TADEJA KOCJAN \u017dELJKO<\/span><span lang=\"SL\"><br \/>VESNA NO\u010c PAVLAKOVI\u010c<br \/>ALENKA \u0160IMEC<br \/><\/span><span lang=\"SL\">VLADIMIRA \u0160TRUCL<br \/>BARBARA \u0160U\u0160TARI\u010c<br \/>VANJA VESELI\u010c<\/span><\/p>\r\n","protected":false},"excerpt":{"rendered":"<p>RAVNATELJICASANELA MAJSTOROVI\u0106 POMO\u010cNICA RAVNATELJICE (za vrtec)UR\u0160KA KOVA\u010cI\u010c SVETOVALNA DELAVKASILVA NAGODE RA\u010cUNALNIKAR &#8211; ORGANIZATOR INFORMACIJSKIH DEJAVNOSTIRok Mik\u0161i\u010d TEHNI\u010cNO OSEBJEra\u010dunovodkinjaMargita Adami\u010dra\u010dunovodsko-administrativna delavkaMATEJA KAV\u0160EK zaposleni v kuhinjiSANDRA HUDELJAMARTIN MU\u017dARMATEJA BAJUK \u010distilkeDARINKA BUTALARU\u017dA IVANI\u010cLARA HUDELJA hi\u0161nikANTON JUR\u0160AK PEDAGO\u0160KI KADERMARIJA VESNA FRANKJO\u017dICA MEDVE\u0160EK GROBOV\u0160EKSEBASTJAN SLEMEN\u0160EKLJILJANA JANKOVI\u010cMAJA JELER\u010cI\u010c JESIHUR\u0160KA KOVA\u010cI\u010cMAJA LAMUTSABINA LUKE\u017dI\u010cROBERTINA LADIKA MIGALI\u010c (O\u0160 VINICA)MONIKA MIHELI\u010c (O\u0160 MILKE \u0160OBAR NATA\u0160E)MATJA\u017d [&hellip;]<\/p>\n","protected":false},"author":1706,"featured_media":0,"parent":0,"menu_order":5,"comment_status":"closed","ping_status":"closed","template":"","meta":{"_et_pb_use_builder":"","_et_pb_old_content":"","_et_gb_content_width":"","ngg_post_thumbnail":0,"footnotes":"","_expiration-date-status":"","_expiration-date":0,"_expiration-date-type":"","_expiration-date-categories":[],"_expiration-date-options":[]},"class_list":["post-633","page","type-page","status-publish","hentry"],"_links":{"self":[{"href":"https:\/\/www.os-dragatus.si\/index.php?rest_route=\/wp\/v2\/pages\/633","targetHints":{"allow":["GET"]}}],"collection":[{"href":"https:\/\/www.os-dragatus.si\/index.php?rest_route=\/wp\/v2\/pages"}],"about":[{"href":"https:\/\/www.os-dragatus.si\/index.php?rest_route=\/wp\/v2\/types\/page"}],"author":[{"embeddable":true,"href":"https:\/\/www.os-dragatus.si\/index.php?rest_route=\/wp\/v2\/users\/1706"}],"replies":[{"embeddable":true,"href":"https:\/\/www.os-dragatus.si\/index.php?rest_route=%2Fwp%2Fv2%2Fcomments&post=633"}],"version-history":[{"count":15,"href":"https:\/\/www.os-dragatus.si\/index.php?rest_route=\/wp\/v2\/pages\/633\/revisions"}],"predecessor-version":[{"id":39431,"href":"https:\/\/www.os-dragatus.si\/index.php?rest_route=\/wp\/v2\/pages\/633\/revisions\/39431"}],"wp:attachment":[{"href":"https:\/\/www.os-dragatus.si\/index.php?rest_route=%2Fwp%2Fv2%2Fmedia&parent=633"}],"curies":[{"name":"wp","href":"https:\/\/api.w.org\/{rel}","templated":true}]}}