{"id":6,"date":"2014-02-25T12:51:48","date_gmt":"2014-02-25T11:51:48","guid":{"rendered":"http:\/\/os-dragatus.splet.arnes.si\/?page_id=6"},"modified":"2025-09-12T14:18:23","modified_gmt":"2025-09-12T12:18:23","slug":"vizitka-sole","status":"publish","type":"page","link":"https:\/\/www.os-dragatus.si\/?page_id=6","title":{"rendered":"Vizitka \u0161ole"},"content":{"rendered":"<p><strong>Naziv<\/strong>: Osnovna \u0161ola komandanta Staneta Dragatu\u0161 \/ O\u0160 Dragatu\u0161<br \/>\n<strong>Naslov<\/strong>: Dragatu\u0161 48, 8343 Dragatu\u0161<br \/>\n<strong>E-mail<\/strong>: <span id=\"cloak43499\">info(afna)os-dragatus.si<\/span><br \/>\n<strong>Mati\u010dna \u0161tevilka<\/strong>: 5082773000<br \/>\n<strong>Dav\u010dna \u0161tevilka<\/strong>: 83415394<br \/>\n<strong>TRR<\/strong>: 01217-6030647939<br \/>\n<strong>Ravnateljica<\/strong>: Sanela Majstorovi\u0107 (07 55 55 811)<br \/>\n<strong>Ra\u010dunovod<span lang=\"sl\">kinja<\/span><\/strong>: Margita Adami\u010d (07 55 55 818)<br \/>\n<strong>Poslovna sekretarka<\/strong>: Mateja Kav\u0161ek (07 30 57 810)<\/p>\n<p><strong>Uradne ure<\/strong> za star\u0161e in u\u010dence: vsak delovnik od 11.00 do 13.00<br \/>\n<strong>Ustanovitelj<\/strong>: Ob\u010dina \u010crnomelj z Odlokom o ustanovitvi javnega vzgojno-izobra\u017eevalnega zavoda Osnovne \u0161ole komandanta Staneta Dragatu\u0161 \u0161t. 022\/15-62 z dne 24. 12. 1962<span lang=\"sl\">.<\/span><br \/>\n<strong> \u0160olski okoli\u0161<\/strong>: vasi KS Dragatu\u0161 in KS Tan\u010da Gora &#8211; Kvasica, Dragovanja vas, Finki, Tan\u010da Gora, Breznik, Sela, Golek, Podlog, Dragatu\u0161, Obrh, Zapudje, Dolenji Suhor pri Vinici, Gornji Suhor pri Vinici, Mali Nerajec, Veliki Nerajec, Bel\u010dji vrh, Kne\u017eina, \u010cre\u0161njevec, Pusti Gradec, Mala Lahinja, \u0160ipek, Brdarci.<\/p>\n<p><span style=\"color: #008000\"><strong>Zemljevid \u0161olskega okoli\u0161a<\/strong><\/span><br \/>\n<a href=\"http:\/\/os-dragatus.splet.arnes.si\/files\/2014\/02\/solski_okolis.jpg\" target=\"_blank\" rel=\"noopener\"><img loading=\"lazy\" decoding=\"async\" class=\"alignnone wp-image-23\" src=\"http:\/\/os-dragatus.splet.arnes.si\/files\/2014\/02\/solski_okolis-366x300.jpg\" alt=\"solski_okolis\" width=\"398\" height=\"326\" srcset=\"https:\/\/www.os-dragatus.si\/files\/2014\/02\/solski_okolis-366x300.jpg 366w, https:\/\/www.os-dragatus.si\/files\/2014\/02\/solski_okolis-67x55.jpg 67w, https:\/\/www.os-dragatus.si\/files\/2014\/02\/solski_okolis-624x511.jpg 624w, https:\/\/www.os-dragatus.si\/files\/2014\/02\/solski_okolis.jpg 684w\" sizes=\"(max-width: 398px) 100vw, 398px\" \/><\/a><span style=\"color: #008000\"><strong><br \/>\n<\/strong><\/span><\/p>\n","protected":false},"excerpt":{"rendered":"<p>Naziv: Osnovna \u0161ola komandanta Staneta Dragatu\u0161 \/ O\u0160 Dragatu\u0161 Naslov: Dragatu\u0161 48, 8343 Dragatu\u0161 E-mail: info(afna)os-dragatus.si Mati\u010dna \u0161tevilka: 5082773000 Dav\u010dna \u0161tevilka: 83415394 TRR: 01217-6030647939 Ravnateljica: Sanela Majstorovi\u0107 (07 55 55 811) Ra\u010dunovodkinja: Margita Adami\u010d (07 55 55 818) Poslovna sekretarka: Mateja Kav\u0161ek (07 30 57 810) Uradne ure za star\u0161e in u\u010dence: vsak delovnik od [&hellip;]<\/p>\n","protected":false},"author":1706,"featured_media":0,"parent":0,"menu_order":3,"comment_status":"closed","ping_status":"closed","template":"","meta":{"_et_pb_use_builder":"","_et_pb_old_content":"","_et_gb_content_width":"","ngg_post_thumbnail":0,"footnotes":"","_expiration-date-status":"","_expiration-date":0,"_expiration-date-type":"","_expiration-date-categories":[],"_expiration-date-options":[]},"class_list":["post-6","page","type-page","status-publish","hentry"],"_links":{"self":[{"href":"https:\/\/www.os-dragatus.si\/index.php?rest_route=\/wp\/v2\/pages\/6","targetHints":{"allow":["GET"]}}],"collection":[{"href":"https:\/\/www.os-dragatus.si\/index.php?rest_route=\/wp\/v2\/pages"}],"about":[{"href":"https:\/\/www.os-dragatus.si\/index.php?rest_route=\/wp\/v2\/types\/page"}],"author":[{"embeddable":true,"href":"https:\/\/www.os-dragatus.si\/index.php?rest_route=\/wp\/v2\/users\/1706"}],"replies":[{"embeddable":true,"href":"https:\/\/www.os-dragatus.si\/index.php?rest_route=%2Fwp%2Fv2%2Fcomments&post=6"}],"version-history":[{"count":15,"href":"https:\/\/www.os-dragatus.si\/index.php?rest_route=\/wp\/v2\/pages\/6\/revisions"}],"predecessor-version":[{"id":39443,"href":"https:\/\/www.os-dragatus.si\/index.php?rest_route=\/wp\/v2\/pages\/6\/revisions\/39443"}],"wp:attachment":[{"href":"https:\/\/www.os-dragatus.si\/index.php?rest_route=%2Fwp%2Fv2%2Fmedia&parent=6"}],"curies":[{"name":"wp","href":"https:\/\/api.w.org\/{rel}","templated":true}]}}